est common divisor of 9 and 35745?
3
What is the highest common divisor of 625 and 19475?
25
What is the greatest common divisor of 287 and 2019332?
287
What is the greatest common divisor of 235647 and 216?
9
Calculate the highest common divisor of 23 and 73163.
23
What is the highest common factor of 375 and 106275?
75
Calculate the highest common factor of 76190 and 1330.
190
Calculate the highest common factor of 531070 and 920.
230
What is the highest common divisor of 5841 and 7227?
99
Calculate the greatest common factor of 1185305 and 3795.
1265
What is the highest common factor of 1665 and 9805?
185
Calculate the highest common divisor of 4356 and 52776.
36
Calculate the greatest common divisor of 428785 and 35.
35
Calculate the greatest common divisor of 201492 and 108.
36
Calculate the highest common factor of 428 and 30174.
214
Calculate the highest common factor of 14 and 52409.
7
What is the highest common divisor of 170105 and 793?
13
Calculate the greatest common factor of 19106922 and 1542.
1542
What is the greatest common divisor of 888580 and 308?
308
Calculate the highest common factor of 189075 and 75.
75
Calculate the highest common divisor of 2232 and 408.
24
What is the greatest common factor of 58 and 156716?
58
Calculate the greatest common factor of 3346848 and 18.
18
What is the greatest common factor of 55 and 6385?
5
What is the highest common factor of 384 and 6048?
96
What is the greatest common divisor of 4368 and 23184?
336
Calculate the highest common divisor of 12615 and 59160.
435
Calculate the greatest common factor of 43038 and 72.
18
Calculate the highest common factor of 937006 and 868.
434
Calculate the highest common divisor of 46 and 3081333.
23
Calculate the greatest common divisor of 131040 and 245.
35
What is the greatest common divisor of 123 and 4326033?
123
Calculate the greatest common factor of 196 and 264572.
28
Calculate the highest common factor of 381 and 346075.
127
Calculate the greatest common factor of 2563 and 1793.
11
Calculate the highest common divisor of 500 and 35300.
100
What is the highest common divisor of 10805 and 50?
5
What is the greatest common divisor of 2634616 and 304?
152
What is the highest common factor of 42 and 12880?
14
Calculate the greatest common factor of 2120 and 39880.
40
What is the highest common divisor of 25 and 463?
1
Calculate the greatest common divisor of 999 and 459.
27
Calculate the highest common factor of 38787 and 42.
21
What is the highest common divisor of 50 and 253430?
10
Calculate the greatest common divisor of 23 and 193867.
23
Calculate the greatest common divisor of 8483 and 487523.
499
What is the greatest common factor of 3312 and 184230?
414
What is the greatest common factor of 10 and 18482?
2
Calculate the highest common factor of 110599 and 38.
19
What is the greatest common factor of 2695608 and 696?
696
Calculate the greatest common divisor of 1352187 and 13176.
1647
Calculate the greatest common factor of 3792 and 46452.
948
Calculate the highest common divisor of 5 and 883735.
5
What is the greatest common divisor of 9262 and 308?
22
Calculate the greatest common divisor of 2071 and 12862.
109
What is the highest common factor of 496561 and 117?
13
Calculate the highest common divisor of 73022 and 3886.
58
What is the greatest common factor of 6 and 686?
2
Calculate the greatest common factor of 450 and 40815.
45
Calculate the greatest common factor of 212718 and 2178.
726
What is the greatest common factor of 26506 and 459742?
914
What is the greatest common factor of 6583 and 30653?
29
What is the greatest common factor of 88447 and 3133?
241
What is the greatest common divisor of 996 and 388772?
332
Calculate the highest common factor of 1372 and 76.
4
Calculate the greatest common factor of 150 and 4010.
10
Calculate the highest common divisor of 2410 and 980.
10
Calculate the highest common factor of 892 and 1916.
4
Calculate the highest common divisor of 46074 and 3066.
42
What is the highest common factor of 42 and 7021056?
42
What is the highest common factor of 875 and 1925?
175
What is the greatest common factor of 2975 and 410975?
425
What is the greatest common divisor of 6850 and 3151?
137
Calculate the greatest common divisor of 412 and 101146.
206
Calculate the greatest common factor of 14566032 and 39.
39
What is the highest common factor of 283 and 349788?
283
What is the greatest common divisor of 25088 and 98?
98
Calculate the greatest common factor of 300618 and 486.
54
Calculate the greatest common divisor of 298 and 1703666.
298
What is the greatest common divisor of 8268 and 5448?
12
What is the greatest common divisor of 496621 and 68?
17
What is the highest common divisor of 27963 and 717?
717
What is the highest common divisor of 6942 and 156?
78
What is the highest common divisor of 2195 and 214232?
439
Calculate the greatest common divisor of 105 and 34800.
15
Calculate the greatest common divisor of 21 and 13125.
21
Calculate the greatest common divisor of 728 and 38402.
182
Calculate the greatest common divisor of 50 and 45230.
10
Calculate the greatest common divisor of 16114 and 196.
14
Calculate the greatest common factor of 256 and 42352.
16
What is the greatest common factor of 31882 and 304?
38
What is the highest common factor of 201510 and 1098?
18
Calculate the greatest common divisor of 103870 and 1190.
170
What is the greatest common divisor of 112696 and 8?
8
What is the greatest common factor of 13 and 835939?
13
What is the highest common divisor of 1017778 and 1778?
254
Calculate the greatest common factor of 6150 and 6396.
246
What is the highest common divisor of 496 and 144274?
62
Calculate the highest common factor of 704 and 1111.
11
What is the greatest common divisor of 2100 and 5425?
175
Calculate the highest common factor of 151527 and 159.
159
Calculate the highest common factor of 4239 and 4860.
27
Calculate the greatest common factor of 697 and 656.
41
What is the highest common divisor of 3648 and 1197152?
608
Calculate the greatest common divisor of 3 and 88758.
3
Calculate the greatest common divisor of 2640 and 138864.
528
Calculate the greatest common factor of 10 and 240733.
1
What is the highest common divisor of 4041 and 2?
1
What is the highest common divisor of 195 and 1352745?
15
Calculate the highest common divisor of 4515 and 420.
105
What is the highest common divisor of 4430 and 160?
10
What is the highest common divisor of 9815 and 6370?
65
What is the greatest common factor of 7575 and 6225?
75
Calculate the highest common factor of 182400 and 840.
120
What is the highest common factor of 528 and 53460?
132
What is the greatest common factor of 19 and 418?
19
Calculate the highest common factor of 1235 and 54730.
65
Calculate the greatest common factor of 335940 and 105.
15
Calculate the greatest common divisor of 722 and 287717.
361
What is the highest common divisor of 46 and 3400412?
46
What is the highest common factor of 11349 and 6903?
117
Calculate the greatest common factor of 516 and 41460.
12
What is the highest common divisor of 375 and 28995?
15
Calculate the greatest common factor of 16 and 68872.
8
Calculate the highest common divisor of 20 and 17190.
10
Calculate the greatest common divisor of 2173 and 62010.
53
Calculate the highest common divisor of 2680920 and 45.
45
What is the highest common divisor of 1244 and 16?
4
Calculate the greatest common divisor of 2166 and 12.
6
What is the greatest common divisor of 124353 and 369?
369
Calculate the highest common factor of 115370 and 25854.
278
What is the greatest common divisor of 898065 and 315?
315
Calculate the greatest common divisor of 3 and 308793.
3
What is the highest common divisor of 2621108 and 98?
98
What is the greatest common factor of 4524 and 129948?
156
What is the highest common factor of 2445086 and 14?
14
What is the highest common divisor of 847659 and 1032?
129
Calculate the highest common divisor of 1077019 and 5067.
563
Calculate the greatest common divisor of 227409 and 663.
663
What is the highest common divisor of 56 and 379862?
14
Calculate the highest common divisor of 103226 and 54.
2
Calculate the greatest common divisor of 9 and 331983.
9
What is the